-4*o + 3*r + 18, 5*o - 70 = n*r. List the prime factors of o.
2, 7
Let f = 255 + 43. What are the prime factors of f?
2, 149
Suppose -4*v = -48 - 24. Suppose -65 = -s + v. List the prime factors of s.
83
Let z(y) = y**3 + 24*y**2 - 28*y + 27. Suppose 5*m = 0, 0*g + 125 = -5*g - m. List the prime factors of z(g).
2, 3, 17
Let w = -3 - 3. Let m = w + 10. What are the prime factors of ((-1)/(-3))/(m/36)?
3
Let y(k) = k**2 - k - 1. Let g be y(-2). Suppose -3*r + 196 + 87 = -g*j, 5*r - 3*j = 445. List the prime factors of r.
2, 43
Suppose 0 = f + g + 2, 3*g + 15 = -0*g. Suppose -4*d + 794 = 2*t, -d - f*d = 5*t - 797. What are the prime factors of d?
2, 3, 11
What are the prime factors of (-46602)/(-14) - (-585)/455?
2, 3, 5, 37
Let a = 12 - 25. Let g = -12 - a. Suppose 3*y = g + 11, -4*f + 80 = -y. What are the prime factors of f?
3, 7
Let w(k) be the second derivative of 19*k**3/6 - 2*k**2 - 2*k. List the prime factors of w(3).
53
Suppose 0 = 2*n - 3*u, -5*n + u + 10 + 3 = 0. Suppose -x + 71 = -5*w, 2*x - n*w = 4*x - 129. What are the prime factors of x?
2, 3, 11
What are the prime factors of (-5756)/(-18) + (-12)/54*-1?
2, 5
Suppose 26*w - 6557 = -83. What are the prime factors of w?
3, 83
Suppose -5*z + 9*z = 336. Suppose 2*w = -4*w + z. List the prime factors of w.
2, 7
Let s(o) = 7*o - 16. Suppose -j - 4*y + y = -19, 4*y = 2*j + 2. Let d be s(j). Let f = 69 - d. List the prime factors of f.
2, 3
Let u(z) = 44*z**2 - 28*z - 130. What are the prime factors of u(-5)?
2, 3, 5, 37
Let c = -339 - -920. What are the prime factors of c?
7, 83
Let k be (-1 - -179) + 1 + 1. Suppose 2*n + 2*b - 4*b - 116 = 0, 0 = 3*n - b - k. Let q = 87 - n. What are the prime factors of q?
2, 13
Suppose -48*i + 43*i + 30 = 0. What are the prime factors of 3/i - (-300)/8?
2, 19
What are the prime factors of ((-2)/4)/((-3)/930)?
5, 31
Suppose -2*w + 0*w - 2*v = -1224, 0 = 5*w - v - 3072. List the prime factors of w.
2, 307
Let t = 183 + -167. What are the prime factors of t?
2
Suppose 0 = -9*t + 10*t - 1514. List the prime factors of t.
2, 757
Let a be 10*((-3)/8)/(1/(-444)). Suppose -5*g = 5*c - a, 6*c - 341 = 5*c + g. List the prime factors of c.
337
Suppose 2*d + 1183 - 121 = 0. List the prime factors of (d/36)/(1/(-4)).
59
Let o(a) = -2*a - 1. Let i be o(-3). Suppose p + 3*b = -33, -i*b + 36 = -2*p - b. Let z = 30 + p. What are the prime factors of z?
2, 3
Let m(b) = 4*b**2 + 16*b - 13. Let u(w) = -w**3 - 3*w**2 - 3*w - 3. Let n be u(-3). List the prime factors of m(n).
227
Let q = -24 - -26. Suppose 2*s - 84 = -3*w, -3*w - 5*s + q*s = -87. List the prime factors of w.
2, 13
Let d(l) = -60*l - 2. Let c(h) = 1. Let u(q) = -c(q) - d(q). What are the prime factors of u(2)?
11
Let t(l) = 7*l**2 - 4*l + 6. Let b be t(4). Suppose -o + 5*h = -3*o - 57, 0 = -5*o + h - b. Let f = o + 97. List the prime factors of f.
2, 19
Suppose u = -5*r + 3*u + 121, 0 = -2*r + 5*u + 61. What are the prime factors of r?
23
Let x = 6 - 8. Let l = x - -6. Suppose -m + 135 = 5*r - 4*m, 3*r = -l*m + 52. List the prime factors of r.
2, 3
Suppose 4*j + 76 = 192. Let r = -91 + j. Let m = r - -89. List the prime factors of m.
3
Let f be 4/2*92/(-8). Let m be (15 - 2)/(6/12). Let v = m + f. What are the prime factors of v?
3
Let i(k) = -5*k - 12. Let l be i(-3). Let b(j) = 11*j**2 + 9*j - 15. What are the prime factors of b(l)?
3, 37
Let r be -4 + (2/2 - -60). Suppose -r = q - 3*q - 3*x, 3*q - 93 = -2*x. List the prime factors of q.
3, 11
Suppose -5*c = 10, -q - 5*c + 263 = -992. List the prime factors of q.
5, 11, 23
Suppose 6*g + 153 + 213 = 0. Let d = g + 94. List the prime factors of d.
3, 11
Let i(m) = -m**3 - 24*m**2 - 24*m - 9. What are the prime factors of i(-23)?
2, 7
Let o = -185 - -415. Suppose -3*l = -o - 160. Suppose -l = -0*a - 5*a. List the prime factors of a.
2, 13
Suppose -56 = -c - 3*c. Let z = -14 + c. Suppose 3*a - 61 = -2*y, z = -5*y - 8 + 3. What are the prime factors of a?
3, 7
Let y(r) = -7*r**2 + 3*r - 15. Let o be y(4). Let x = o - -202. List the prime factors of x.
3, 29
Suppose -2*l + l = 4*y - 4, 5*l + 18 = -y. Let k = 2 + y. Suppose k*p = 2*p + 84. What are the prime factors of p?
2, 3, 7
Let u = -33 + 61. List the prime factors of u/2 + (6 + -2 - 3).
3, 5
Suppose 10*b = 5*b. Suppose b = -3*y - y - 116. Let u = y - -47. What are the prime factors of u?
2, 3
Let x(k) = -k - 1. Let y(p) = -6*p + 18. Let t(b) = -2*x(b) - y(b). What are the prime factors of t(11)?
2, 3
Suppose 4*m + 23 = -1. List the prime factors of -1 + 2 - m/6 - -86.
2, 11
Let v(j) = j**3 - 5*j**2 - 15*j - 16. Let o be v(7). Let i = 109 + -38. Let c = o + i. List the prime factors of c.
2, 3
Let b = 3653 - 1291. List the prime factors of b.
2, 1181
Let s = -3 - -3. Suppose s*q + 84 = 3*q + 5*b, 2*b = q - 39. Suppose -c - 3*n + q = 0, c + 0*c + 2*n - 33 = 0. What are the prime factors of c?
3, 11
Suppose -5*j + 3132 + 3493 = 0. List the prime factors of j.
5, 53
Let s be 3*68/24*-4. What are the prime factors of -2*(s/4 - -3)?
11
Let k = -126 - -127. List the prime factors of k - 10/14 - (-5032)/28.
2, 3, 5
Let u be -1*(-3 - 1/(-1)). Suppose -4*d + 4 = -u*d. Suppose -d*w = w - 30. List the prime factors of w.
2, 5
What are the prime factors of (-2221)/((-138)/(-12) + -12)?
2, 2221
Let t = -70 + 74. Suppose -t*w + 204 = -248. List the prime factors of w.
113
Let v be (16/(-4))/((-4)/(-6)). Let r be -94 - 4*3/v. Let w = -26 - r. What are the prime factors of w?
2, 3, 11
Let h(d) = 4*d**3 + 5*d**2 - 2*d - 7. Let s be h(3). Suppose 10*b = 8*b + s. List the prime factors of b.
2, 5, 7
Let k(u) = 27*u**3 - 2*u**2 - 14*u + 19. List the prime factors of k(2).
199
Suppose -z + 2*c = 1, 5*c = 3*z + c + 7. What are the prime factors of z + 7 + (68 - -1)?
71
Let p = -7 - -9. Suppose p*q - 4*q = -44. List the prime factors of q.
2, 11
Suppose -3*z - 7 - 2 = 0. Let m be (4 - (-1)/z)*18. Suppose 5*x + 57 = 3*v, -10 - m = -4*v - 3*x. What are the prime factors of v?
19
Suppose -2920 = -5*v + 3*p + 20267, 2*p = -3*v + 13916. What are the prime factors of v?
2, 3, 773
Let r = -67 - -73. Suppose -2*i = -10, -2*d - 3*i = -2*i - 15. Suppose 2*l - 3*v - 24 = 0, -r*v + v = d*l - 35. What are the prime factors of l?
3
Suppose -5*j = -3*z + 18, -3*j - 2*j - 2*z - 13 = 0. Let v(w) = -5*w**3 - 5*w**2 - 4*w - 1. List the prime factors of v(j).
101
Let p(o) = 8*o - 21 + 18*o + 7*o - 9*o. List the prime factors of p(9).
3, 5, 13
Let q(x) = -x**2 + 39. Let f be q(0). Suppose f + 85 = -4*h. Let l = -19 - h. List the prime factors of l.
2, 3
Let o(m) = -m**3 - 41*m**2 + 35*m + 83. What are the prime factors of o(-42)?
13, 29
Let o(v) = 16*v**3 - 3*v**2 - 3*v + 3. What are the prime factors of o(5)?
1913
Let r(q) = 118*q**2 + 13*q - 25. What are the prime factors of r(6)?
11, 17, 23
Suppose 0 = -8*i + 7*i - 96. Let n = i + 105. What are the prime factors of n?
3
Let d = 51 - -3. List the prime factors of 5*(d/10 + -4).
7
Let x = 40 - 40. Suppose x = n + 2*p - 88, -n = n + 5*p - 181. What are the prime factors of n?
2, 3, 13
Let l be 367 - (-2 - (0 - 2)). Suppose -5*y = -2*u + 197, 0 = 4*u - y - 0*y - l. What are the prime factors of u?
7, 13
Let c(j) = 18*j**2 + 23*j - 64. What are the prime factors of c(5)?
3, 167
Let w(y) = y**2 + 9*y - 22. Let l = -104 + 85. What are the prime factors of w(l)?
2, 3, 7
What are the prime factors of 252/(-140) + (-20547)/(-15)?
2, 3, 19
Suppose -7*z + 235 + 9404 = 0. What are the prime factors of z?
3, 17
Suppose 4*f + 4*y - 2780 = 0, f + 2*y - 304 = 394. List the prime factors of f.
2, 173
Let z(u) = -9*u**2 + 2*u + 2. Let i be z(2). Let s = -23 + 89. Let f = i + s. What are the prime factors of f?
2, 3
Let c = -44 + 92. Suppose b - 29 = c. List the prime factors of b.
7, 11
Let z(m) = -m**2 + m + 4. Let i(r) = r**2 - 4*r + 4. Let u be i(2). Let p be z(u). Let y(j) = -j**3 + 4*j**2 + j. List the prime factors of y(p).
2
Let k(i) = i**3 + 4 - 10 - 8 - 4*i + 0*i + 10*i**2. What are the prime factors of k(-10)?
2, 13
Let r(j) = 182*j - 1296. What are the prime factors of r(36)?
2, 3, 73
Let z(p) = 84*p + 584. List the prime factors of z(27).
2, 23, 31
Let i(d) = 2*d - 48. Let y be i(23). Let t = 196 + -123. Let k = y + t. List the prime factors of k.
71
Suppose -2*u - 2 = 2*g, 2*u - 3 = -5. Suppose -2*h